he prime factors of 154?
2, 7, 11
List the prime factors of 8608.
2, 269
List the prime factors of 3561.
3, 1187
List the prime factors of 1253.
7, 179
List the prime factors of 37129.
107, 347
What are the prime factors of 16556?
2, 4139
List the prime factors of 1049.
1049
What are the prime factors of 54992?
2, 7, 491
List the prime factors of 86110.
2, 5, 79, 109
List the prime factors of 505.
5, 101
List the prime factors of 49107.
3, 16369
What are the prime factors of 7757?
7757
What are the prime factors of 19244?
2, 17, 283
List the prime factors of 26045.
5, 5209
List the prime factors of 721.
7, 103
What are the prime factors of 14605?
5, 23, 127
List the prime factors of 47179.
11, 4289
List the prime factors of 5533.
11, 503
What are the prime factors of 2176?
2, 17
List the prime factors of 3.
3
List the prime factors of 26810.
2, 5, 7, 383
List the prime factors of 17284.
2, 29, 149
What are the prime factors of 1118?
2, 13, 43
What are the prime factors of 76679?
76679
What are the prime factors of 2959?
11, 269
List the prime factors of 32552.
2, 13, 313
What are the prime factors of 6687?
3, 743
What are the prime factors of 16030?
2, 5, 7, 229
List the prime factors of 1875.
3, 5
List the prime factors of 35724.
2, 3, 13, 229
List the prime factors of 1476.
2, 3, 41
What are the prime factors of 807?
3, 269
What are the prime factors of 1409?
1409
List the prime factors of 8646.
2, 3, 11, 131
What are the prime factors of 18257?
18257
List the prime factors of 57639.
3, 19213
List the prime factors of 1488.
2, 3, 31
What are the prime factors of 3719?
3719
List the prime factors of 1932.
2, 3, 7, 23
What are the prime factors of 84541?
17, 4973
What are the prime factors of 3584?
2, 7
What are the prime factors of 11698?
2, 5849
What are the prime factors of 91254?
2, 3, 67, 227
List the prime factors of 1781.
13, 137
List the prime factors of 11670.
2, 3, 5, 389
List the prime factors of 39854.
2, 19927
What are the prime factors of 491?
491
What are the prime factors of 2333?
2333
List the prime factors of 43388.
2, 10847
List the prime factors of 34449.
3, 11483
What are the prime factors of 34592?
2, 23, 47
What are the prime factors of 17913?
3, 7, 853
What are the prime factors of 3193?
31, 103
List the prime factors of 4217.
4217
List the prime factors of 82628.
2, 7, 13, 227
What are the prime factors of 67154?
2, 33577
What are the prime factors of 12249?
3, 1361
What are the prime factors of 67267?
137, 491
What are the prime factors of 12686?
2, 6343
What are the prime factors of 1198?
2, 599
What are the prime factors of 145511?
145511
List the prime factors of 103.
103
What are the prime factors of 1937?
13, 149
What are the prime factors of 31776?
2, 3, 331
List the prime factors of 239.
239
What are the prime factors of 4553?
29, 157
What are the prime factors of 6295?
5, 1259
List the prime factors of 38198.
2, 71, 269
What are the prime factors of 2801?
2801
What are the prime factors of 2159?
17, 127
What are the prime factors of 2013?
3, 11, 61
What are the prime factors of 18889?
13, 1453
What are the prime factors of 744?
2, 3, 31
List the prime factors of 1917.
3, 71
What are the prime factors of 129097?
129097
What are the prime factors of 28407?
3, 17, 557
What are the prime factors of 1128?
2, 3, 47
List the prime factors of 31.
31
What are the prime factors of 24544?
2, 13, 59
List the prime factors of 10458.
2, 3, 7, 83
List the prime factors of 2814.
2, 3, 7, 67
What are the prime factors of 28639?
13, 2203
List the prime factors of 108.
2, 3
What are the prime factors of 11639?
103, 113
List the prime factors of 3297.
3, 7, 157
What are the prime factors of 781?
11, 71
What are the prime factors of 43496?
2, 5437
What are the prime factors of 1056?
2, 3, 11
List the prime factors of 19623.
3, 31, 211
List the prime factors of 603.
3, 67
What are the prime factors of 62483?
62483
What are the prime factors of 1714?
2, 857
What are the prime factors of 16097?
16097
List the prime factors of 10998.
2, 3, 13, 47
What are the prime factors of 1924?
2, 13, 37
What are the prime factors of 11354?
2, 7, 811
What are the prime factors of 4190?
2, 5, 419
List the prime factors of 11898.
2, 3, 661
What are the prime factors of 4855?
5, 971
List the prime factors of 1857.
3, 619
List the prime factors of 4478.
2, 2239
What are the prime factors of 319?
11, 29
What are the prime factors of 621?
3, 23
What are the prime factors of 42297?
3, 23, 613
What are the prime factors of 26420?
2, 5, 1321
List the prime factors of 29968.
2, 1873
List the prime factors of 9243.
3, 13, 79
What are the prime factors of 38541?
3, 29, 443
What are the prime factors of 620?
2, 5, 31
What are the prime factors of 570?
2, 3, 5, 19
List the prime factors of 69824.
2, 1091
What are the prime factors of 6016?
2, 47
List the prime factors of 37.
37
What are the prime factors of 53326?
2, 7, 13, 293
List the prime factors of 9883.
9883
What are the prime factors of 27411?
3, 9137
List the prime factors of 1395.
3, 5, 31
List the prime factors of 2146.
2, 29, 37
What are the prime factors of 779?
19, 41
List the prime factors of 2559.
3, 853
What are the prime factors of 1259?
1259
List the prime factors of 2028.
2, 3, 13
List the prime factors of 1181.
1181
What are the prime factors of 13064?
2, 23, 71
List the prime factors of 20967.
3, 29, 241
What are the prime factors of 163?
163
List the prime factors of 1599.
3, 13, 41
What are the prime factors of 20981?
20981
List the prime factors of 1810.
2, 5, 181
What are the prime factors of 10144?
2, 317
List the prime factors of 720.
2, 3, 5
List the prime factors of 6454.
2, 7, 461
List the prime factors of 1191.
3, 397
What are the prime factors of 119077?
7, 17011
List the prime factors of 16954.
2, 7, 173
List the prime factors of 747.
3, 83
What are the prime factors of 3032?
2, 379
List the prime factors of 447.
3, 149
What are the prime factors of 20298?
2, 3, 17, 199
List the prime factors of 50634.
2, 3, 29, 97
List the prime factors of 2655.
3, 5, 59
List the prime factors of 8214.
2, 3, 37
What are the prime factors of 68821?
68821
List the prime factors of 64774.
2, 139, 233
List the prime factors of 3144.
2, 3, 131
What are the prime factors of 2902?
2, 1451
List the prime factors of 3610.
2, 5, 19
List the prime factors of 2235.
3, 5, 149
What are the prime factors of 1670?
2, 5, 167
What are the prime factors of 74315?
5, 89, 167
List the prime factors of 4729.
4729
List the prime factors of 21123.
3, 2347
List the prime factors of 75894.
2, 3, 7, 13, 139
What are the prime factors of 7882?
2, 7, 563
What are the prime factors of 32583?
3, 10861
List the prime factors of 223.
223
What are the prime factors of 12843?
3, 1427
What are the prime factors of 10?
2, 5
List the prime factors of 301.
7, 43
List the prime factors of 1850.
2, 5, 37
List the prime factors of 48710.
2, 5, 4871
What are the prime factors of 361?
19
List the prime factors of 265.
5, 53
What are the prime factors of 13925?
5, 557
What are the prime factors of 6291?
3, 233
What are the prime factors of 1647?
3, 61
What are the prime factors of 1652?
2, 7, 59
List the prime factors of 13646.
2, 6823
What are the prime factors of 9631?
9631
List the prime factors of 6943.
53, 131
List the prime factors of 5367.
3, 1789
What are the prime factors of 42885?
3, 5, 953
List the prime factors of 14290.
2, 5, 1429
What are the prime factors of 970?
2, 5, 97
What are the prime factors of 8952?
2, 3, 373
List the prime factors of 8617.
7, 1231
What are the prime factors of 150955?
5, 7, 19, 227
What are the prime factors of 53550?
2, 3, 5, 7, 17
What are the prime factors of 11849?
17, 41
What are the prime factors of 983?
983
List the prime factors of 2864.
2, 179
What are the prime factors of 514?
2, 257
List the prime factors of 120141.
3, 7, 1907
What are the prime factors of 2084?
2, 521
List the prime factors of 111225.
3, 5, 1483
List the prime factors of 37886.
2, 19, 997
List the prime factors of 75951.
3, 29, 97
What are the prime factors of 4023?
3, 149
What are the prime factors of 42939?
3, 13, 367
What are the prime factors of 27615?
3, 5, 7, 263
List the prime factors of 597.
3, 199
What are